 2*l - 1. Calculate w(r).
-10
Let c(u) = 24*u + 19*u - 60*u + 16*u. Suppose 0 = 4*l - a + 28, l - a = 4*a - 7. Give c(l).
7
Suppose -3 = h - 0, 11 = 4*m - 5*h. Let c(s) = 65*s**3 + 2*s**2 + 173*s - 8. Let t(r) = -22*r**3 - r**2 - 65*r + 3. Let a(l) = 3*c(l) + 8*t(l). Give a(m).
-20
Suppose -9*n + 3*n + 3*n = 0, -3*l - 39 = 5*n. Let h(r) = 3*r + 20. Determine h(l).
-19
Let g(c) be the first derivative of -43*c**2/2 + 216*c + 5353. Give g(5).
1
Let q(c) be the second derivative of c**5/20 - 5*c**4/12 - 4*c**3/3 + 7*c**2/2 - 2643*c. What is q(5)?
-33
Let i(a) = a**3 + 8*a**2 + a - 7. Let t = 12864 + -12871. What is i(t)?
35
Suppose -299*k - 3875 = -144*k. Let q(i) = -i - 70. Determine q(k).
-45
Suppose 3*v + 4 = -v. Let q(z) be the first derivative of -2*z**2 - 2*z - 13311. What is q(v)?
2
Let z(s) = s**2 + 8*s + 2. Let j be 8/(-10)*(7 - (8 + 429)). Let q = -350 + j. Calculate z(q).
-10
Let x(w) = -50*w**2 + 133*w - 9. Let a(s) = -38*s**2 + 102*s - 7. Let c(p) = 13*a(p) - 10*x(p). Calculate c(5).
129
Let d(s) = s + 8. Let u(b) = -3*b**2 + 70*b + 28. Let y be u(14). Let f = y + -435. What is d(f)?
-7
Let t(q) = -q**3 - 15*q**2 - 2*q - 27. Let l be (-1)/((-3)/(-48)) + 3*(-18)/(-54). Determine t(l).
3
Let a(k) be the first derivative of -7*k**2 - 79*k - 194. Determine a(-6).
5
Let a(y) = y**3 + 7*y**2 - 3. Let l(i) = i**3 - 67*i**2 - 356*i - 294. Let q be l(72). Give a(q).
33
Let l(i) = 22*i - 575. Let o be l(22). Suppose -5*d - 5*g = -425, 5 = 8*g - 3*g. Let y = d + o. Let z(p) = p + 2. Give z(y).
-5
Let g(i) = -i**2 - 5*i + 6. Let c = -51 - -199. Let l = c + -153. Determine g(l).
6
Let a(b) = 12*b + 8. Let n = 10529 + -10528. What is a(n)?
20
Let l(o) = 8*o - 11. Let z(m) = -9*m + 9. Let v be 3/12 + (-133)/(-28). Let y(u) = v*z(u) + 6*l(u). Give y(9).
6
Let k(s) = 9*s - 25. Let a(n) = 23*n - 68. Let f(x) = -3*a(x) + 8*k(x). Let z = -5 - -8. Suppose 3*d = -5*b + 35, z*b = -b + 4*d - 4. Calculate f(b).
16
Let g(y) = -y**2 + 4*y + 2. Let m be 2/4*(3 + -5) + 4. Let k(p) = -p**3 + 4*p**2 - 5. Let z be k(m). Give g(z).
2
Let v(y) = 6*y**3 - 2*y**2 + 3*y - 1. Let l be v(1). Let j(q) = -596*q**2 - l*q + 296*q**2 - 3 + 299*q**2. Determine j(-8).
-19
Suppose 5*u + 1595 = -115. Let r = u + 348. Let m(o) be the first derivative of -o**3/3 + 5*o**2/2 + 5*o - 1. Determine m(r).
-1
Let j = -14 + 20. Suppose j*o - 9 = 21. Let a(c) = 2 - c + o*c - 2*c. Give a(-2).
-2
Suppose 0 = -6*w + 8*w + 4*s - 12, 4*s = 4*w + 36. Let r(m) = -7*m**2 - 7*m - 18. What is r(w)?
-102
Let m(b) = b**3 - 17*b**2 + 44*b - 22. Let p be 18/(-4)*3556/(-1143). What is m(p)?
6
Let c = -526 + 705. Let r(a) = a**2 - 8 - 369*a + 0*a**2 + c*a + 0*a**2 + 179*a. Give r(12).
4
Let h(b) = -b**3 + 8*b**2 - 1. Let w = -62 - -104. Suppose -5*k + w = 2*x, 3*x + 13 - 48 = -4*k. Calculate h(k).
-1
Let x(v) = 5*v - 3*v - 1 + 0*v**2 + v**2. Suppose 30*c + 84 = 36*c. Let n = c - 16. Give x(n).
-1
Let v(a) = a**3 + 26*a**2 + 130*a + 3. Let l be v(-7). Let b(o) be the second derivative of l*o - 2*o**2 + 2/3*o**3 + 0. What is b(3)?
8
Let k = -1734 + 1738. Let t(q) be the third derivative of 0 + 0*q**3 - 1/20*q**5 + 9*q**2 - 1/12*q**k + 0*q. What is t(-2)?
-8
Let i = -10 - -3. Let q(o) = 7*o**2 + 14*o + 3. Let c(l) = l**2 + l. Suppose 7*p - 12 = -5. Let n(j) = p*q(j) - 6*c(j). Calculate n(i).
-4
Let d(h) = h + 3. Let m(p) = -14*p - 37. Let v(y) = -4*d(y) - 2*m(y). What is v(-3)?
-10
Let m(v) = v**2 + 7*v + 15. Let y(c) = 4*c**2 + 27*c + 65. Let l(s) = -9*m(s) + 2*y(s). Let h(g) = g**3 - 18*g**2 + 17*g - 9. Let u be h(17). Give l(u).
-5
Let g(q) = 12*q - 76. Let o be g(7). Let c(d) = 11*d**2 - 4*d - 9. Let s(t) = -7*t**2 + 3*t + 5. Let v(x) = o*s(x) + 5*c(x). What is v(4)?
-5
Let t be ((-1218)/812)/(3/(-4)). Let a(j) = -6*j + 10. What is a(t)?
-2
Let s = 387 + -384. Let c(n) = -3*n - n + 1 + n + 0*n**s - n**3. Determine c(2).
-13
Let d(n) = 11*n**3 + 3*n**2 - 20*n + 14. Let h(j) = 13*j**3 + 2*j**2 - 20*j + 16. Let v(c) = -6*d(c) + 5*h(c). What is v(-9)?
-103
Let z(f) = 15*f - 47. Let d(x) = x**3 + 15*x**2 + 18*x + 275. Let g be d(-15). Determine z(g).
28
Let f be (4 + (3 - -2))*(-10 - -9). Let o be -4*6/(-36)*f. Let y(z) = z**3 + 7*z**2 + 8*z - 5. What is y(o)?
-17
Let m(z) be the first derivative of z**3/3 + 4*z**2 - 10*z - 5. Let x(h) be the first derivative of m(h). Let v be x(-3). Let d(j) = 4*j - 2. Give d(v).
6
Let z(b) = -b**2 + 19*b + 90. Let w be z(-4). Let k(n) = -n**2 + 2 - 36*n + 0*n**2 + 65*n - 30*n. What is k(w)?
0
Let p = -157 - -176. Let f(g) = -8*g + 4*g - 18*g**3 - 7*g**2 + p*g**3. Give f(7).
-28
Let i(d) = 6*d**2 - 6*d - 27. Let a(z) = 7*z**2 - 5*z - 29. Let r be 2/(-3 + -5)*(2 - 22). Let c(h) = r*a(h) - 6*i(h). Calculate c(12).
5
Let w(u) = 2*u**3 + 5*u**2 - 2. Let c(v) = 6*v**3 + 14*v**2 - 6. Let n(o) = 6*c(o) - 17*w(o). Let f be (8/(-50))/(124/(-1550)). Determine n(f).
10
Suppose x - 40 = -5*b - x, 5*b - 2*x = 20. Let k(j) be the second derivative of -j**3/3 + j**2/2 + 14974*j. What is k(b)?
-11
Let w(z) = 8*z - 13. Let v(l) = -15*l + 24. Let k = -478 + 467. Let h(x) = k*w(x) - 6*v(x). What is h(-3)?
-7
Let y(w) = 409 - 423 - 8*w + 8*w + w. Determine y(12).
-2
Suppose 25*n - 19*n = -36. Let f = -16 + 18. Let q(s) = 101*s + f + 2 - 99*s. What is q(n)?
-8
Let n = 126 - 120. Let x(z) = n - 5 + 4 - 1 + 2*z. What is x(-7)?
-10
Let l(q) be the third derivative of 3*q**4/8 - q**3/2 - q**2 - 51. Let j be (-9)/(-2) - 17/34. Calculate l(j).
33
Let w(g) = g + 22. Suppose 1501*a - 448 = 1533*a. Determine w(a).
8
Suppose -3*z + 13*z = -369 + 479. Let q(t) = t**2 - 10*t - 5. Determine q(z).
6
Let i(r) be the third derivative of -r**7/840 - r**6/40 + r**5/12 + 5*r**4/12 - 53*r**3/2 + 75*r**2. Let c(z) be the first derivative of i(z). Calculate c(-10).
10
Let y(k) = k**3 + 6*k**2 + 3*k + 5. Let f be 2 + (-144)/(-45) - 1/5. Let h(l) = -l**3 + 6*l**2 - 8*l + 9. Let x be h(f). Give y(x).
-13
Let i(o) be the third derivative of -o**5/60 + 2*o**4/3 - 47*o**3/6 - o**2 - 173*o. What is i(8)?
17
Let u(h) = h - 3*h**3 + 515*h**2 + 526*h**2 + 10 - 1044*h**2 + 0*h. Calculate u(3).
-95
Let i(s) = 128*s - 36*s - 7 - 30*s - 35*s - 31*s. Determine i(-4).
9
Let b(n) = 11*n - 8 + 1 + n**2 + 31 - 14. What is b(-10)?
0
Let g(d) = 33*d + 227. Let m be g(-7). Let h(z) = z + 7 - 9 + 3 + 8. Determine h(m).
5
Let c(d) = -463*d**3 - 90*d**2 - 233*d + 936. Let f(n) = 25*n**3 + 5*n**2 + 13*n - 52. Let p(x) = -2*c(x) - 37*f(x). What is p(3)?
-11
Let l(m) = 6*m**2 - 116*m + 129. Let y be l(18). Let i(d) = -d**2 - 13*d + 21. Give i(y).
-9
Let i(p) = p**2 - 19*p + 39. Let s be ((-684)/(-19))/((-3)/(-32)). Suppose 0 = 15*m - 39*m + s. Calculate i(m).
-9
Let o(g) = -5*g + 2. Suppose -6*a + 4*a = -5*c + 275, -2*a - 5*c - 245 = 0. Let k = a + 126. Give o(k).
22
Suppose -15 = -37*x + 34*x. Suppose x*g + 0 - 7 = -r, 4*r + 4*g - 12 = 0. Let v(n) = -n - 1 - 2 + r. Calculate v(4).
-5
Let t = -43 - -41. Let q(v) = v + 2. Let w(u) = -3*u - 6. Let h(j) = -11*q(j) - 4*w(j). Determine h(t).
0
Let a(f) = -f**3 + 8*f**2 - 6*f + 2. Let s be a(7). Suppose -6*i = -s*i + 3. Let p(h) = 3*h. Give p(i).
3
Let q(p) = p**2 - 11*p + 22. Let k be (-3 - (-2)/(-2))*(-169)/26. Suppose -12 = 4*c, 0 = -4*w - 4*c - 2 + k. Give q(w).
4
Let r(g) = g**3 - 10*g**2 + 13*g + 21. Suppose -q + 29 = 4*a, -5*a + 9 = 5*q - 16. Let l be r(a). Let t(i) = -i**2 - 5*i - 2. Determine t(l).
4
Let o(r) be the first derivative of r**4/4 + 22*r**3/3 + 52*r**2 - 19*r - 5749. Give o(-15).
-4
Let l(k) = -3*k. Suppose w + 6 = 27. Let b = -21 + w. Suppose b = -2*n - 4*n + 12. Give l(n).
-6
Let a(y) be the first derivative of y**6/360 - y**5/24 - y**4/12 + 6*y**3 + 18. Let v(q) be the third derivative of a(q). Give v(7).
12
Let t(o) = -3*o - 15. Let n(m) = 4*m + 23. Let p be (1 - 3)/(2/(-5)). Let v(f) = p*n(f) + 7*t(f). Suppose 89 = 24*y - 127. Determine v(y).
1
Suppose 0 = -8*h + 10*z - 6*z - 76, -4*h - 5*z - 3 = 0. Let r(w) = w**3 + 6*w**2 - 6*w - 1. Determine r(h).
-8
Let k(j) = -2*j - 22. Let a(l) = -l - 10. Let r(p) = 13*a(p) - 6*k(p). Let i(x) = -5*x + 7. Let n(f) = 3*i(f) - 12*r(f). Determine n(-7).
18
Let j(y) = y**3 - 4*y**2 - 6*y + 2. Let i(u) = u**3 - 2*u**2 + 2*u - 1. Let o be i(2). Suppose -n + 18 = -4*x, 4*x + 12 - 18 = -o*n. Give j(n).
38
Let x = 550 - 555. Let h be x + (-6)